{"id":354,"date":"2017-12-14T13:42:39","date_gmt":"2017-12-14T13:42:39","guid":{"rendered":"http:\/\/www.rehabilitace-petrmalek.cz\/?page_id=354"},"modified":"2017-12-31T13:41:02","modified_gmt":"2017-12-31T13:41:02","slug":"banky","status":"publish","type":"page","link":"https:\/\/www.rehabilitace-petrmalek.cz\/index.php\/banky\/","title":{"rendered":"Ba\u0148ky"},"content":{"rendered":"<p><strong><u> Ba\u0148kov\u00e1n\u00ed<\/u><\/strong> &#8211; je reflexn\u00ed metoda, kterou na na\u0161em pracovi\u0161ti vyu\u017e\u00edv\u00e1me pouze jako dopl\u0148kovou metodu p\u0159i n\u011bkter\u00fdch bolestiv\u00fdch stavech pohybov\u00e9ho apar\u00e1tu.<\/p>\n<p><img loading=\"lazy\" decoding=\"async\" class=\"size-medium wp-image-377 alignleft\" src=\"http:\/\/www.rehabilitace-petrmalek.cz\/wp-content\/uploads\/2017\/12\/1861084-img-zdravi-banky-masaz-komercni-prezentace-300x200.jpg\" alt=\"\" width=\"300\" height=\"200\" srcset=\"https:\/\/www.rehabilitace-petrmalek.cz\/wp-content\/uploads\/2017\/12\/1861084-img-zdravi-banky-masaz-komercni-prezentace-300x200.jpg 300w, https:\/\/www.rehabilitace-petrmalek.cz\/wp-content\/uploads\/2017\/12\/1861084-img-zdravi-banky-masaz-komercni-prezentace-768x512.jpg 768w, https:\/\/www.rehabilitace-petrmalek.cz\/wp-content\/uploads\/2017\/12\/1861084-img-zdravi-banky-masaz-komercni-prezentace.jpg 978w\" sizes=\"auto, (max-width: 300px) 100vw, 300px\" \/> <img loading=\"lazy\" decoding=\"async\" class=\"size-medium wp-image-378 alignleft\" src=\"http:\/\/www.rehabilitace-petrmalek.cz\/wp-content\/uploads\/2017\/12\/flazne-procedury01-300x200.jpg\" alt=\"\" width=\"300\" height=\"200\" srcset=\"https:\/\/www.rehabilitace-petrmalek.cz\/wp-content\/uploads\/2017\/12\/flazne-procedury01-300x200.jpg 300w, https:\/\/www.rehabilitace-petrmalek.cz\/wp-content\/uploads\/2017\/12\/flazne-procedury01-768x512.jpg 768w, https:\/\/www.rehabilitace-petrmalek.cz\/wp-content\/uploads\/2017\/12\/flazne-procedury01.jpg 800w\" sizes=\"auto, (max-width: 300px) 100vw, 300px\" \/>\u00a0 <img loading=\"lazy\" decoding=\"async\" class=\"wp-image-376 alignleft\" src=\"http:\/\/www.rehabilitace-petrmalek.cz\/wp-content\/uploads\/2017\/12\/008734-300x187.jpg\" alt=\"\" width=\"316\" height=\"197\" srcset=\"https:\/\/www.rehabilitace-petrmalek.cz\/wp-content\/uploads\/2017\/12\/008734-300x187.jpg 300w, https:\/\/www.rehabilitace-petrmalek.cz\/wp-content\/uploads\/2017\/12\/008734.jpg 511w\" sizes=\"auto, (max-width: 316px) 100vw, 316px\" \/><\/p>\n","protected":false},"excerpt":{"rendered":"<p>Ba\u0148kov\u00e1n\u00ed &#8211; je reflexn\u00ed metoda, kterou na na\u0161em pracovi\u0161ti vyu\u017e\u00edv\u00e1me pouze jako dopl\u0148kovou metodu p\u0159i n\u011bkter\u00fdch bolestiv\u00fdch stavech pohybov\u00e9ho apar\u00e1tu. \u00a0<\/p>\n","protected":false},"author":1,"featured_media":0,"parent":0,"menu_order":0,"comment_status":"closed","ping_status":"closed","template":"fullwidth.php","meta":{"footnotes":""},"class_list":["post-354","page","type-page","status-publish","hentry"],"_links":{"self":[{"href":"https:\/\/www.rehabilitace-petrmalek.cz\/index.php\/wp-json\/wp\/v2\/pages\/354","targetHints":{"allow":["GET"]}}],"collection":[{"href":"https:\/\/www.rehabilitace-petrmalek.cz\/index.php\/wp-json\/wp\/v2\/pages"}],"about":[{"href":"https:\/\/www.rehabilitace-petrmalek.cz\/index.php\/wp-json\/wp\/v2\/types\/page"}],"author":[{"embeddable":true,"href":"https:\/\/www.rehabilitace-petrmalek.cz\/index.php\/wp-json\/wp\/v2\/users\/1"}],"replies":[{"embeddable":true,"href":"https:\/\/www.rehabilitace-petrmalek.cz\/index.php\/wp-json\/wp\/v2\/comments?post=354"}],"version-history":[{"count":9,"href":"https:\/\/www.rehabilitace-petrmalek.cz\/index.php\/wp-json\/wp\/v2\/pages\/354\/revisions"}],"predecessor-version":[{"id":414,"href":"https:\/\/www.rehabilitace-petrmalek.cz\/index.php\/wp-json\/wp\/v2\/pages\/354\/revisions\/414"}],"wp:attachment":[{"href":"https:\/\/www.rehabilitace-petrmalek.cz\/index.php\/wp-json\/wp\/v2\/media?parent=354"}],"curies":[{"name":"wp","href":"https:\/\/api.w.org\/{rel}","templated":true}]}}