{"id":202,"date":"2017-12-12T12:27:36","date_gmt":"2017-12-12T12:27:36","guid":{"rendered":"http:\/\/www.rehabilitace-petrmalek.cz\/?page_id=202"},"modified":"2021-03-05T15:43:36","modified_gmt":"2021-03-05T15:43:36","slug":"onas","status":"publish","type":"page","link":"https:\/\/www.rehabilitace-petrmalek.cz\/index.php\/onas\/","title":{"rendered":"On\u00e1s"},"content":{"rendered":"<p>&nbsp;<\/p>\n<p>Na\u0161e pracovi\u0161t\u011b, kde pracuje rehabilita\u010dn\u00ed l\u00e9ka\u0159 se specializac\u00ed na myoskelet\u00e1ln\u00ed medic\u00ednu, je zam\u011b\u0159en\u00e9 p\u0159edev\u0161\u00edm na poruchy funkce pohybov\u00e9ho apar\u00e1tu. Dominantn\u00ed postaven\u00ed v p\u00e9\u010di o klienty p\u0159edstavuj\u00ed bolesti zad a stavy s nimi spojen\u00e9. Prudk\u00fd n\u00e1r\u016fst vertebrogenn\u00edch pot\u00ed\u017e\u00ed se st\u00e1v\u00e1 nejen zdravotn\u00edm, ale i celospole\u010densk\u00fdm probl\u00e9mem.<\/p>\n<p><strong>MUDr. Petr M\u00e1lek &#8211; absolvent l\u00e9ka\u0159sk\u00e9 fakulty UJEP v Brn\u011b<\/strong><\/p>\n<ul>\n<li>diplom v oboru intern\u00ed l\u00e9ka\u0159stv\u00ed prvn\u00edho stupn\u011b<\/li>\n<li>diplom v oboru p\u0159enosn\u00e9 nemoci<\/li>\n<li>diplom v oboru fyziatrie, balneologie a l\u00e9\u010debn\u00e1 rehabilitace<\/li>\n<li>kurzy:<br \/>\n&#8211; intenzivn\u00ed kurz manu\u00e1ln\u00ed medic\u00edny<br \/>\n&#8211; fyzik\u00e1ln\u00ed terapie I a II<br \/>\n&#8211; svaly a bolest<br \/>\n&#8211; z\u00e1klady neurofyziologie<br \/>\n&#8211; z\u00e1klady balneologie<br \/>\n&#8211; Bobath koncept<br \/>\n&#8211; rehabilitace v neurologii<br \/>\n&#8211; rehabilitace v ortopedii a traumatologii<br \/>\n&#8211; kineziotaping I a II<\/li>\n<\/ul>\n<p>Smluvn\u00ed l\u00e9ka\u0159 zdravotn\u00ed poji\u0161\u0165ovny ministerstva vnitra ZPMV 211.<\/p>\n<p><strong>ORDINA\u010cN\u00cd HODINY<\/strong><\/p>\n<p>po &#8211; 7:30 &#8211; 12:00\u00a0\u00a0\u00a0\u00a0 13:00 &#8211; 17:00<br \/>\n\u00fat &#8211; 7:30 &#8211; 12 :00\u00a0\u00a0\u00a0\u00a0 13:00 &#8211; 17:00<br \/>\nst &#8211; 7:30 &#8211; 12 :00\u00a0\u00a0\u00a0\u00a0\u00a0 13:00 &#8211; 16:00<br \/>\n\u010dt &#8211; 7:30 &#8211; 12 :00\u00a0\u00a0\u00a0\u00a0\u00a0 13:00 &#8211; 16:00<br \/>\np\u00e1 -7:30 &#8211; 12 :00\u00a0\u00a0\u00a0\u00a0\u00a0 13:00 &#8211; 15:00<\/p>\n<p>&nbsp;<\/p>\n<p>&nbsp;<\/p>\n","protected":false},"excerpt":{"rendered":"<p>&nbsp; Na\u0161e pracovi\u0161t\u011b, kde pracuje rehabilita\u010dn\u00ed l\u00e9ka\u0159 se specializac\u00ed na myoskelet\u00e1ln\u00ed medic\u00ednu, je zam\u011b\u0159en\u00e9 p\u0159edev\u0161\u00edm na poruchy funkce pohybov\u00e9ho apar\u00e1tu. Dominantn\u00ed postaven\u00ed v p\u00e9\u010di o klienty p\u0159edstavuj\u00ed bolesti zad a stavy s nimi spojen\u00e9. Prudk\u00fd n\u00e1r\u016fst vertebrogenn\u00edch pot\u00ed\u017e\u00ed se st\u00e1v\u00e1 nejen zdravotn\u00edm, ale i celospole\u010densk\u00fdm probl\u00e9mem. MUDr. Petr M\u00e1lek &#8211; absolvent l\u00e9ka\u0159sk\u00e9 fakulty UJEP v<\/p>\n","protected":false},"author":1,"featured_media":0,"parent":0,"menu_order":0,"comment_status":"closed","ping_status":"closed","template":"fullwidth.php","meta":{"footnotes":""},"class_list":["post-202","page","type-page","status-publish","hentry"],"_links":{"self":[{"href":"https:\/\/www.rehabilitace-petrmalek.cz\/index.php\/wp-json\/wp\/v2\/pages\/202","targetHints":{"allow":["GET"]}}],"collection":[{"href":"https:\/\/www.rehabilitace-petrmalek.cz\/index.php\/wp-json\/wp\/v2\/pages"}],"about":[{"href":"https:\/\/www.rehabilitace-petrmalek.cz\/index.php\/wp-json\/wp\/v2\/types\/page"}],"author":[{"embeddable":true,"href":"https:\/\/www.rehabilitace-petrmalek.cz\/index.php\/wp-json\/wp\/v2\/users\/1"}],"replies":[{"embeddable":true,"href":"https:\/\/www.rehabilitace-petrmalek.cz\/index.php\/wp-json\/wp\/v2\/comments?post=202"}],"version-history":[{"count":39,"href":"https:\/\/www.rehabilitace-petrmalek.cz\/index.php\/wp-json\/wp\/v2\/pages\/202\/revisions"}],"predecessor-version":[{"id":430,"href":"https:\/\/www.rehabilitace-petrmalek.cz\/index.php\/wp-json\/wp\/v2\/pages\/202\/revisions\/430"}],"wp:attachment":[{"href":"https:\/\/www.rehabilitace-petrmalek.cz\/index.php\/wp-json\/wp\/v2\/media?parent=202"}],"curies":[{"name":"wp","href":"https:\/\/api.w.org\/{rel}","templated":true}]}}

Onás

<p>&nbsp;</p>
<p>Naše pracoviště, kde pracuje rehabilitační lékař se specializací na myoskeletální medicínu, je zaměřené především na poruchy funkce pohybového aparátu. Dominantní postavení v péči o klienty představují bolesti zad a stavy s nimi spojené. Prudký nárůst vertebrogenních potíží se stává nejen zdravotním, ale i celospolečenským problémem.</p>
<p><strong>MUDr. Petr Málek &#8211; absolvent lékařské fakulty UJEP v Brně</strong></p>
<ul>
<li>diplom v oboru interní lékařství prvního stupně</li>
<li>diplom v oboru přenosné nemoci</li>
<li>diplom v oboru fyziatrie, balneologie a léčebná rehabilitace</li>
<li>kurzy:<br />
&#8211; intenzivní kurz manuální medicíny<br />
&#8211; fyzikální terapie I a II<br />
&#8211; svaly a bolest<br />
&#8211; základy neurofyziologie<br />
&#8211; základy balneologie<br />
&#8211; Bobath koncept<br />
&#8211; rehabilitace v neurologii<br />
&#8211; rehabilitace v ortopedii a traumatologii<br />
&#8211; kineziotaping I a II</li>
</ul>
<p>Smluvní lékař zdravotní pojišťovny ministerstva vnitra ZPMV 211.</p>
<p><strong>ORDINAČNÍ HODINY</strong></p>
<p>po &#8211; 7:30 &#8211; 12:00     13:00 &#8211; 17:00<br />
út &#8211; 7:30 &#8211; 12 :00     13:00 &#8211; 17:00<br />
st &#8211; 7:30 &#8211; 12 :00      13:00 &#8211; 16:00<br />
čt &#8211; 7:30 &#8211; 12 :00      13:00 &#8211; 16:00<br />
pá -7:30 &#8211; 12 :00      13:00 &#8211; 15:00</p>
<p>&nbsp;</p>
<p>&nbsp;</p>

<p>&nbsp; Naše pracoviště, kde pracuje rehabilitační lékař se specializací na myoskeletální medicínu, je zaměřené především na poruchy funkce pohybového aparátu. Dominantní postavení v péči o klienty představují bolesti zad a stavy s nimi spojené. Prudký nárůst vertebrogenních potíží se stává nejen zdravotním, ale i celospolečenským problémem. MUDr. Petr Málek &#8211; absolvent lékařské fakulty UJEP v</p>
